e
Is 3360000 a multiple of 112?
True
Is 128153 a multiple of 36?
False
Is 696 a factor of 1424712?
True
Is 2691408 a multiple of 7?
False
Is 5 a factor of 69114?
False
Is 1431 a factor of 5268942?
True
Is 3944941 a multiple of 77?
True
Is 7 a factor of 74620?
True
Does 620 divide 5158400?
True
Does 100 divide 1199147?
False
Is 1197000 a multiple of 1064?
True
Does 3 divide 13899?
True
Is 11 a factor of 41713?
False
Is 110 a factor of 4841235?
False
Is 26317 a multiple of 5?
False
Is 102396 a multiple of 28?
True
Does 142 divide 753026?
True
Is 113496 a multiple of 80?
False
Is 105 a factor of 1031835?
True
Is 708818 a multiple of 149?
False
Is 35 a factor of 7664685?
True
Is 94740 a multiple of 14?
False
Is 2882315 a multiple of 8?
False
Is 16 a factor of 4002509?
False
Does 9 divide 45515?
False
Does 10 divide 20010?
True
Does 22 divide 159565?
False
Is 742976 a multiple of 32?
True
Is 1233432 a multiple of 72?
True
Is 42 a factor of 475020?
True
Does 81 divide 344374?
False
Does 5 divide 3879100?
True
Is 31469 a multiple of 42?
False
Is 17618265 a multiple of 105?
True
Does 10 divide 22220?
True
Does 647 divide 239905?
False
Is 667 a factor of 1231949?
True
Is 67 a factor of 1335878?
False
Is 9696013 a multiple of 599?
True
Is 495 a factor of 9811351?
False
Is 9624824 a multiple of 1342?
True
Does 1177 divide 2539515?
False
Is 10 a factor of 937896?
False
Is 467510 a multiple of 747?
False
Is 18 a factor of 257112?
True
Is 20 a factor of 6992900?
True
Does 393 divide 3816205?
False
Is 1043879 a multiple of 22?
False
Is 8354372 a multiple of 926?
True
Is 189160 a multiple of 4?
True
Is 161357 a multiple of 11?
False
Is 16833672 a multiple of 2312?
True
Does 1942 divide 19533850?
False
Does 95 divide 2363885?
True
Does 47 divide 10254366?
True
Is 15796620 a multiple of 1323?
True
Is 3487134 a multiple of 87?
True
Is 24 a factor of 526680?
True
Does 16 divide 2293392?
True
Does 51 divide 271218?
True
Is 14857115 a multiple of 7?
True
Does 449 divide 267604?
True
Does 69 divide 664438?
False
Is 72574 a multiple of 82?
False
Is 134 a factor of 1510180?
True
Is 3148488 a multiple of 504?
True
Does 6 divide 164168?
False
Does 143 divide 9581?
True
Does 318 divide 1129467?
False
Is 16 a factor of 206560?
True
Is 85340 a multiple of 10?
True
Does 214 divide 4243914?
False
Does 9 divide 191016?
True
Is 6 a factor of 1970123?
False
Is 20 a factor of 361183?
False
Does 1359 divide 2651695?
False
Does 26 divide 381940?
True
Is 20 a factor of 11332363?
False
Is 115 a factor of 2312995?
True
Does 2 divide 90143?
False
Is 4 a factor of 228475?
False
Does 19 divide 3592664?
False
Does 15 divide 2070?
True
Is 256 a factor of 2841856?
True
Is 3 a factor of 663156?
True
Is 5418789 a multiple of 321?
False
Does 292 divide 583397?
False
Does 71 divide 94430?
True
Is 13 a factor of 817?
False
Is 74185 a multiple of 401?
True
Is 21 a factor of 672401?
False
Does 97 divide 2973547?
False
Is 202283 a multiple of 12?
False
Does 12 divide 787639?
False
Is 9583218 a multiple of 54?
True
Is 8 a factor of 1066565?
False
Is 111438 a multiple of 453?
True
Does 145 divide 6613595?
True
Does 16 divide 623445?
False
Does 117 divide 2144493?
True
Is 13 a factor of 1218321?
True
Does 25 divide 417600?
True
Is 8808833 a multiple of 41?
False
Is 94054 a multiple of 62?
True
Is 361655 a multiple of 5?
True
Is 14580961 a multiple of 905?
False
Does 54 divide 10059?
False
Is 17 a factor of 6245987?
True
Does 23 divide 1768838?
True
Is 1998135 a multiple of 369?
True
Is 116868 a multiple of 12?
True
Is 49 a factor of 301959?
False
Is 4 a factor of 99248?
True
Is 25213 a multiple of 32?
False
Is 249 a factor of 333909?
True
Is 29 a factor of 2563774?
True
Does 11 divide 130823?
True
Is 652972 a multiple of 150?
False
Is 2464128 a multiple of 552?
True
Does 38 divide 536422?
False
Does 13 divide 3343184?
True
Is 418255 a multiple of 46?
False
Is 546850 a multiple of 153?
False
Does 3 divide 37618?
False
Is 156 a factor of 293280?
True
Is 187 a factor of 676095?
False
Is 171360 a multiple of 28?
True
Is 146742 a multiple of 93?
False
Is 65 a factor of 1158888?
False
Is 6 a factor of 225624?
True
Is 1246800 a multiple of 12?
True
Is 41582 a multiple of 17?
True
Is 3319032 a multiple of 164?
True
Is 280 a factor of 18283440?
True
Is 1473128 a multiple of 89?
True
Is 32538 a multiple of 22?
True
Does 50 divide 180950?
True
Is 214188 a multiple of 13?
True
Is 412916 a multiple of 96?
False
Is 12318211 a multiple of 1919?
False
Is 4 a factor of 75344?
True
Is 151 a factor of 184053?
False
Is 6 a factor of 248?
False
Is 925 a factor of 7888299?
False
Is 103558 a multiple of 14?
True
Is 38 a factor of 84968?
True
Is 76628 a multiple of 4?
True
Does 1875 divide 29617909?
False
Does 9 divide 41724?
True
Does 213 divide 2500407?
True
Is 42701 a multiple of 8?
False
Does 65 divide 58955?
True
Is 3202710 a multiple of 505?
True
Is 9 a factor of 7731648?
True
Does 7 divide 370713?
True
Is 177 a factor of 31441?
False
Is 2 a factor of 8103?
False
Does 30 divide 2257373?
False
Is 599482 a multiple of 6?
False
Is 7321975 a multiple of 446?
False
Is 4 a factor of 37336?
True
Is 217 a factor of 250162?
False
Is 67 a factor of 6130119?
False
Does 448 divide 11918592?
True
Is 1198961 a multiple of 5?
False
Does 33 divide 2674884?
False
Does 25 divide 2106986?
False
Is 1382720 a multiple of 40?
True
Does 8 divide 6627400?
True
Is 2936784 a multiple of 102?
True
Is 128 a factor of 78336?
True
Does 3 divide 41022?
True
Is 115 a factor of 72643?
False
Does 115 divide 115762?
False
Is 94 a factor of 45872?
True
Is 21 a factor of 1784287?
False
Is 97 a factor of 294070?
False
Is 1513290 a multiple of 682?
False
Is 2 a factor of 698965?
False
Is 26 a factor of 7061106?
True
Is 438461 a multiple of 148?
False
Is 9 a factor of 2394?
True
Does 59 divide 985064?
True
Is 53 a factor of 10865?
True
Is 4 a factor of 446872?
True
Does 2 divide 213982?
True
Is 70 a factor of 2573060?
True
Does 626 divide 4199723?
False
Is 15615259 a multiple of 71?
False
Is 10 a factor of 8357125?
False
Does 2 divide 12628?
True
Is 20 a factor of 472720?
True
Is 3813 a multiple of 156?
False
Is 187157 a multiple of 23?
False
Is 99480 a multiple of 268?
False
Does 51 divide 96084?
True
Does 208 divide 165568?
True
Is 4070025 a multiple of 9?
True
Does 64 divide 55420?
False
Does 12 divide 53881?
False
Is 196632 a multiple of 6?
True
Is 32 a factor of 1086975?
False
Is 661 a factor of 2034558?
True
Is 14 a factor of 976685?
False
Is 109 a factor of 1707102?
False
Is 276 a factor of 811716?
True
Does 127 divide 2850738?
False
Is 63 a factor of 3385577?
False
Is 156140 a multiple of 125?
False
Is 339949 a multiple of 227?
False
Is 1556225 a multiple of 73?
False
Does 115 divide 904819?
False
Is 633859 a multiple of 1023?
False
Does 7 divide 45795?
False
Is 283879 a multiple of 68?
False
Does 85 divide 2512005?
True
Is 1119923 a multiple of 169?
False
Is 15 a factor of 75300?
True
Does 19 divide 76722?
True
Does 52 divide 26221714?
False
Is 641876 a multiple of 38?
False
Is 94848 a multiple of 26?
True
Does 34 divide 386988?
True
Does 3 divide 4755277?
False
Is 299205 a multiple of 119?
False
Is 2550928 a multiple of 143?
False
Does 327 divide 674812?
False
Is 297910 a multiple of 11?
False
Is 16 a factor of 1404592?
True
Is 14 a factor of 27608?
True
Does 343 divide 358128?
False
Is 35 a factor of 645540?
True
Is 63952 a multiple of 56?
True
Is 260298 a multiple of 18?
True
Is 375 a factor of 853786?
False
Is 55219 a multiple of 36?
False
Is 9 a factor of 1989889?
False
Does 2 divide 1144095?
False
Is 303 a factor of 178770?
True
Is 15 a factor of 2596189?
False
Is 168 a factor of 492576?
True
Does 8 divide 226140?
False
Is 1528432 a multiple of 32?
False
Is 20 a factor of 1596600?
True
Is 518760 a multiple of 55?
True
Is 49 a factor of 345009?
True
Is 437133 a multiple of 19?
True
Does 24 divide 4044030?
False
Does 5 divide 8369495?
True
Is 11 a factor of 447777?
True
Is 2088509 a multiple of 11?
False
Is 141 a factor of 11487129?
True
Is 2691 a multiple of 5?
False
Does 21 divide 75559?
False
Is 7096370 a multiple of 12?
False
Does 7 divide 1998580?
False
Is 18476610 a multiple of 1351?
False
Is 199916 a multiple of 29?
False
Does 27 di